{"id":65,"date":"2017-06-20T11:43:39","date_gmt":"2017-06-20T11:43:39","guid":{"rendered":"https:\/\/eve.com.mx\/?page_id=65"},"modified":"2022-02-24T19:15:42","modified_gmt":"2022-02-24T19:15:42","slug":"nosotros","status":"publish","type":"page","link":"https:\/\/eve.com.mx\/index.php\/nosotros\/","title":{"rendered":"Nosotros"},"content":{"rendered":"<p>[vc_row equal_height=&#8221;yes&#8221; content_placement=&#8221;middle&#8221; hide_bg_image_on_tablet=&#8221;&#8221; hide_bg_image_on_mobile=&#8221;&#8221;][vc_column icons_position=&#8221;left&#8221; offset=&#8221;vc_col-md-6&#8243;][vc_single_image image=&#8221;4896&#8243; img_size=&#8221;full&#8221;][\/vc_column][vc_column icons_position=&#8221;left&#8221; offset=&#8221;vc_col-md-6&#8243;][vc_empty_space alter_height=&#8221;large&#8221; hide_on_desktop=&#8221;1&#8243; hide_on_notebook=&#8221;1&#8243; hide_on_tablet=&#8221;&#8221; hide_on_mobile=&#8221;&#8221;]<div id=\"sc_content_1902485054\"\n\t\tclass=\"sc_content color_style_default sc_content_default sc_float_center sc_padding_tiny\"><div class=\"sc_content_container\"><div id=\"sc_title_1879138182\"\n\t\tclass=\"sc_title color_style_default sc_title_default\"><h3 class=\"sc_item_title sc_title_title sc_align_left sc_item_title_style_default\">Acerca de EVE<\/h3><div class=\"sc_item_descr sc_title_descr sc_align_left\"><p>Somos una empresa 100% mexicana, con m\u00e1s de 30 a\u00f1os de experiencia en el mercado de la publicidad exterior, interior e imagen corporativa. A lo largo de este tiempo, nos hemos propuesto dar innovaciones creativas que cumplan con las caracter\u00edsticas y especificaciones que existen en nuestro campo. Nuestra principal ideolog\u00eda y meta es la entera satisfacci\u00f3n de nuestros clientes, para lo cual ofrecemos una atenci\u00f3n personalizada y un servicio de la m\u00e1s alta calidad en cada proceso de producci\u00f3n para mantener relaciones a largo plazo.<\/p>\n<p>Queremos que nuestra l\u00ednea de productos no solo informe, sino que sean decorativos, funcionales, informativos y vers\u00e1tiles. Manejamos una amplia gama de materiales nacionales e importados dando al cliente una gran versatilidad en las opciones disponibles. Estos materiales se ajustan a los diferentes tipos de proyectos, requerimientos t\u00e9cnicos y presupuestos que nuestros clientes requieren hoy en d\u00eda para el mundo de la mercadotecnia y publicidad.<\/p>\n<\/div><div class=\"sc_item_button sc_button_wrap sc_align_left\"><a href=\"https:\/\/eve.com.mx\/index.php\/contacto\/\" id=\"sc_button_726694381\" class=\"sc_button color_style_default sc_button_default sc_item_button sc_item_button_default sc_title_button sc_button_size_normal sc_button_icon_left\"><span class=\"sc_button_text\"><span class=\"sc_button_title\">Cont\u00e1ctanos<\/span><\/span><!-- \/.sc_button_text --><\/a><!-- \/.sc_button --><\/div><!-- \/.sc_item_button --><\/div><!-- \/.sc_title --><\/div><\/div><!-- \/.sc_content -->[\/vc_column][vc_column icons_position=&#8221;left&#8221;][vc_empty_space alter_height=&#8221;huge&#8221; hide_on_desktop=&#8221;&#8221; hide_on_notebook=&#8221;&#8221; hide_on_tablet=&#8221;&#8221; hide_on_mobile=&#8221;&#8221;][\/vc_column][\/vc_row][vc_row full_width=&#8221;stretch_row_content_no_spaces&#8221;][vc_column icons_position=&#8221;left&#8221;][rev_slider_vc alias=&#8221;carousel-gallery&#8221;][\/vc_column][\/vc_row]<\/p>\n","protected":false},"excerpt":{"rendered":"<p>[vc_row equal_height=&#8221;yes&#8221; content_placement=&#8221;middle&#8221; hide_bg_image_on_tablet=&#8221;&#8221; hide_bg_image_on_mobile=&#8221;&#8221;][vc_column icons_position=&#8221;left&#8221; offset=&#8221;vc_col-md-6&#8243;][vc_single_image image=&#8221;4896&#8243; img_size=&#8221;full&#8221;][\/vc_column][vc_column icons_position=&#8221;left&#8221; offset=&#8221;vc_col-md-6&#8243;][vc_empty_space alter_height=&#8221;large&#8221; hide_on_desktop=&#8221;1&#8243; hide_on_notebook=&#8221;1&#8243; hide_on_tablet=&#8221;&#8221; hide_on_mobile=&#8221;&#8221;][\/vc_column][vc_column icons_position=&#8221;left&#8221;][vc_empty_space alter_height=&#8221;huge&#8221; hide_on_desktop=&#8221;&#8221; hide_on_notebook=&#8221;&#8221; hide_on_tablet=&#8221;&#8221; hide_on_mobile=&#8221;&#8221;][\/vc_column][\/vc_row][vc_row full_width=&#8221;stretch_row_content_no_spaces&#8221;][vc_column icons_position=&#8221;left&#8221;][rev_slider_vc alias=&#8221;carousel-gallery&#8221;][\/vc_column][\/vc_row]<\/p>\n","protected":false},"author":1,"featured_media":0,"parent":0,"menu_order":0,"comment_status":"closed","ping_status":"closed","template":"","meta":{"footnotes":""},"class_list":["post-65","page","type-page","status-publish","hentry"],"_links":{"self":[{"href":"https:\/\/eve.com.mx\/index.php\/wp-json\/wp\/v2\/pages\/65","targetHints":{"allow":["GET"]}}],"collection":[{"href":"https:\/\/eve.com.mx\/index.php\/wp-json\/wp\/v2\/pages"}],"about":[{"href":"https:\/\/eve.com.mx\/index.php\/wp-json\/wp\/v2\/types\/page"}],"author":[{"embeddable":true,"href":"https:\/\/eve.com.mx\/index.php\/wp-json\/wp\/v2\/users\/1"}],"replies":[{"embeddable":true,"href":"https:\/\/eve.com.mx\/index.php\/wp-json\/wp\/v2\/comments?post=65"}],"version-history":[{"count":6,"href":"https:\/\/eve.com.mx\/index.php\/wp-json\/wp\/v2\/pages\/65\/revisions"}],"predecessor-version":[{"id":4897,"href":"https:\/\/eve.com.mx\/index.php\/wp-json\/wp\/v2\/pages\/65\/revisions\/4897"}],"wp:attachment":[{"href":"https:\/\/eve.com.mx\/index.php\/wp-json\/wp\/v2\/media?parent=65"}],"curies":[{"name":"wp","href":"https:\/\/api.w.org\/{rel}","templated":true}]}}